(p) = p**3 - 7*p**2 + 7*p - 2. Let s be k(r). What are the prime factors of x(s)?
2
Let d = -266 + 444. List the prime factors of d.
2, 89
Let j(g) = 33*g + 1. Let v(p) = -100*p - 3. Suppose -35 = 3*u + 4*w, 3*u + 2*w + 3 = -40. Let z(o) = u*j(o) - 6*v(o). What are the prime factors of z(2)?
79
Let n be (-3)/3*7 - -4. List the prime factors of (-4 + (-10)/n)*30/(-4).
5
Suppose 5*v = -3*f - 12, 0 = -f - 4. Suppose v = 9*a - 617 - 427. List the prime factors of a.
2, 29
Let o(z) = z + 23. Let v be o(-7). Suppose 15*q + 80 = v*q. List the prime factors of q.
2, 5
Suppose 3*a - 778 = 5*b, 5*a - 4*a - 256 = b. What are the prime factors of a?
251
Suppose 2*h = 338 + 332. List the prime factors of h.
5, 67
Let g be 0 + 4/1 + -1. Suppose 355 = 5*s - 5*m, 4*m - 2*m + 210 = g*s. List the prime factors of s.
2, 17
What are the prime factors of (-31012)/(-12) - ((-306)/(-27) + -11)?
2, 17, 19
Let o(r) = -882*r + 96. List the prime factors of o(-4).
2, 3, 151
Let t be (-4)/(-6) + (-9)/(162/(-96)). What are the prime factors of (-3)/(2/t + 392/(-1068))?
89
Let k = 64 - -27. Let j = k + -55. What are the prime factors of j?
2, 3
Suppose -6 = -3*g, s = 5*s + 5*g - 358. List the prime factors of (5 - (9 - 2)) + s.
5, 17
Let t(v) = v**3 + 2*v**2 - 5*v + 2. Let g be t(-3). Suppose -g*c + 24*c - 4176 = 0. List the prime factors of c.
3, 29
Let r be (-2 - 2)*-1 - -12. Suppose n - r = 7. List the prime factors of n.
23
Let z = -8 - -17. Let b be (426/z)/((-8)/(-12)). Suppose -9 = -3*d - 5*y + b, -5*y + 55 = 2*d. List the prime factors of d.
5
Let n be ((-25)/15)/((-2)/6). Suppose 0 = 6*v - 17 + n. What are the prime factors of v?
2
Let q(r) = 6*r**2 + 28*r + 92. What are the prime factors of q(-7)?
2, 5, 19
Let o = 10719 - 6967. List the prime factors of o.
2, 7, 67
Let x = -19 - -19. Suppose -4*h = -3*p + 184, 2*h + x*h - 4 = 0. List the prime factors of p.
2
Let v(w) = -20 - 16*w**2 - 7*w + 20*w + 15*w**2. List the prime factors of v(8).
2, 5
List the prime factors of ((-26)/(-104) + (-7)/12)*-3153.
1051
Let q(z) = 17*z - 12. Let m = 23 + -21. List the prime factors of q(m).
2, 11
Let i(q) = q**2 - 7*q. Let j be i(7). Suppose -2*x = -4 - j. Suppose 2 = -x*n, -5*k + n + n = -32. List the prime factors of k.
2, 3
Suppose 5360 = -48*b + 53*b. What are the prime factors of b?
2, 67
Let a(q) be the third derivative of -q**5/60 - q**4/3 - 11*q**3/6 - 10*q**2. What are the prime factors of a(-5)?
2
Let k(s) = s - 3. Let i be k(3). Suppose 4*x + 0*x - 12 = i. Let o(g) = 5*g. What are the prime factors of o(x)?
3, 5
List the prime factors of 716 + 0 + -3 + (-3)/(-3).
2, 3, 7, 17
Suppose 4*l + 4*w - 17450 = -4218, 13232 = 4*l + w. What are the prime factors of l?
2, 827
Suppose -l = -3*l + 10. Suppose 2*u = -l*b + 3*u + 10, 4 = 2*b + u. Suppose r + b*r = 60. What are the prime factors of r?
2, 5
Let b(u) = 62*u - 8. Let y be b(5). Suppose -4 = -3*o + y. What are the prime factors of o/8 - (-4)/16?
13
Let b be (-1718)/(-8) + (-9)/(-36). Suppose -4*i = -0*i - 4*g - 212, 4*i - 3*g = b. What are the prime factors of i?
2, 7
List the prime factors of (-2437)/(-11) + 72/(-132).
13, 17
Suppose -428 = -g - n, -6*g + 4*g + n + 844 = 0. List the prime factors of g.
2, 53
Let g = -842 - -906. What are the prime factors of g?
2
Suppose 0 = 4*h - 4692 + 1632. What are the prime factors of h?
3, 5, 17
Suppose 3*d = -0*s + 2*s + 12, s + 5*d + 19 = 0. Let b(w) = -3*w - 12 - 6*w**2 + 0*w + w**3 + 15*w**2. List the prime factors of b(s).
3, 5
Let m(o) = 14*o**2 + 10*o - 10. List the prime factors of m(8).
2, 3, 7, 23
Let s(v) = 3*v - 10. Let z be 21/6 - (-2)/4. Suppose -z*h + 3*h + 10 = 0. What are the prime factors of s(h)?
2, 5
Let l = 1918 + -800. List the prime factors of l.
2, 13, 43
Suppose 17*q = 14*q. Suppose -2*k + 5 = -k + p, -3*k + 3*p - 3 = q. Suppose 0 = -2*m - k*m + 220. List the prime factors of m.
5, 11
Suppose 15*i - 20*i + 255 = 0. Let w = 53 + i. List the prime factors of w.
2, 13
Let l be (12 - 0)/4 - (2 + -3). Suppose 4*n - 408 = -l*n. What are the prime factors of n?
3, 17
What are the prime factors of (429 + -2)/(1/22*11)?
2, 7, 61
Let g be (-8660)/56*2 - (-8)/28. Let w = 522 + g. What are the prime factors of w?
3, 71
Let p = -60 - -57. List the prime factors of 3 - p/1*13.
2, 3, 7
Let o = 1042 + -569. What are the prime factors of o?
11, 43
Let g = -33 - -37. Suppose 0 = g*y - 483 - 93. What are the prime factors of y?
2, 3
Suppose -5*m = 3*k - 7, 6*k = 5*m + 3*k - 13. Let x be (8 - -4)*34/m. Suppose -x = -0*r - 6*r. What are the prime factors of r?
2, 17
Let q be (5 + 1)/(2*2/(-8)). List the prime factors of (-1680)/q - -1*4.
2, 3
Let i(b) = 11*b + 23. Let g be i(3). Let r(o) = 16*o + 1. Let v be r(2). Suppose -5*j - v = -k, -3*k + g + 15 = -j. What are the prime factors of k?
23
Suppose 0 = -2*l + u - 15, 4*u = -4*l - 45 - 15. Let y = -8 - l. Suppose -2*q = -3*x - 68 + 3, -4*x - 62 = -y*q. What are the prime factors of q?
37
List the prime factors of ((-4148)/(-12))/1 - 35/21.
2, 43
Let u(c) be the second derivative of -c**3/2 + 12*c**2 - c. What are the prime factors of u(-13)?
3, 7
Let j(n) = -n**3 + 21*n**2 + 29*n - 20. List the prime factors of j(22).
2, 67
List the prime factors of 34/(2 - (0 + 64/34)).
17
Let x = 117 + -83. Let c = x + -21. List the prime factors of c.
13
List the prime factors of (-3908)/(-10) + (-24)/30.
2, 3, 5, 13
Suppose -11*t - 1167 = -5633. List the prime factors of t.
2, 7, 29
List the prime factors of (2181 - (1 - -2)) + (-60)/10.
2, 3, 181
Let h be (-8)/(4/3 - 1). Let y = h - -50. List the prime factors of y.
2, 13
Let x be ((-7)/21)/((-1)/(-12)) - -3. List the prime factors of (0 - x)*(7 + 16).
23
Suppose -26 = -3*g - 14. Suppose -91 = -g*q + 3*q. What are the prime factors of q?
7, 13
Let m(k) = 3*k**2 - 23*k - 19. Let x be m(14). Suppose -r - 23 = 4*f - x, 5*r = -f + 1063. What are the prime factors of r?
2, 53
Let y = -86 - -36. Let h = 192 + y. List the prime factors of h.
2, 71
Suppose 45 = 3*q - 3*m - 18, 2*q = -5*m + 77. Suppose 4*v - 30 - q = 0. List the prime factors of v.
2, 7
Let y = -6 + 13. Let p = y - 12. List the prime factors of 62/6*(p + 8).
31
Suppose -12 = -3*z + 15. Suppose -z*j + 1900 - 397 = 0. What are the prime factors of j?
167
Suppose 0 = 2*v - 5*y - 12352 + 2819, -2*y = -v + 4764. List the prime factors of v.
2, 2377
Let f = 64 - -85. Suppose 2*q = -2*q + 1084. Suppose -v = 2*v + l - f, 0 = -5*v + 4*l + q. What are the prime factors of v?
3, 17
Let t(b) = 4*b**2 - 16*b + 25. What are the prime factors of t(14)?
3, 5, 13
Let b(l) = 836*l - 7. What are the prime factors of b(1)?
829
Let t be (-5 + 6)*2*(-9)/(-2). Suppose 3*m = t, 2*c = m + 116 + 95. List the prime factors of c.
107
Suppose m = -5*c + 17796, 6*c - 4*m + 10664 = 9*c. List the prime factors of c.
2, 5, 89
Let v(h) = 2*h - 6. Let w be v(-5). Let r = w - -25. Let j(n) = -n**3 + 9*n**2 + 2*n - 9. List the prime factors of j(r).
3
List the prime factors of (-70*66/(-55))/(3 + -1).
2, 3, 7
Suppose -v + 0*v = -4. Suppose 88 = -5*w - a, 2*w - v*w + 3*a = 42. List the prime factors of 27/(-6)*8/w.
2
Let i be ((-35)/(-14))/((-1)/(-2)). What are the prime factors of ((-3 - -8)/i)/((-3)/(-51))?
17
Suppose 3*h = 4*k + 69, 3*h - 35 = 2*k + 2*h. Let t = 26 - k. What are the prime factors of 0 + (t - (0 + 0))?
2, 11
Suppose 5*x = -643 + 233. Let f = x - -138. What are the prime factors of f?
2, 7
Let u(o) = -5*o - 4*o - 5*o. Let n = 25 + -27. List the prime factors of u(n).
2, 7
Suppose -2*k + 2730 = -5*g, 49*k - 46*k + 5*g = 4095. List the prime factors of k.
3, 5, 7, 13
Let h(l) = -l**2 + l + 12. Let d be h(-5). Let t = 79 - 44. Let i = d + t. What are the prime factors of i?
17
Let i = 179 - -11. List the prime factors of i.
2, 5, 19
List the prime factors of 61*(64/(-8) + 10).
2, 61
Let i = -148 - -152. Suppose i*n = -3*k + 38, -5 = -n - 4*k + k. List the prime factors of n.
11
What are the prime factors of -13 + 540 - 4/(-1)?
3, 59
Let l(g) = g**2 + 2*g - 1. Let i(s) = -2*s**2 - 3*s + 1. Let n(u) = 4*i(u) + 5*l(u). Let h(o) be the first derivative of n(o). List the prime factors of h(-2).
2, 5
Let c(h) = -18*h - 34. Let o be c(-21). Suppose -4*d + o = -2*d - 5*j, 5*j + 10 = 0. What are the prime factors of d?
167
List the prime factors of (-9)/12